 + a. What is the remainder when l is divided by f?
5
Let w(r) = 10*r**2 - 44*r - 153. Calculate the remainder when w(-4) is divided by 93.
90
Let w = -14419 + 16020. Calculate the remainder when w is divided by 62.
51
Suppose 63 = 5*h + u, 5*u - 2*u = h - 3. Let q(i) = 11*i - 72*i**3 + 2 - 1 + 7 - 4 - 2 + 8*i**2. What is the remainder when q(-1) is divided by h?
11
Suppose -5*x - 249912 = -44*x. Suppose 6*s - x = -18*s. What is the remainder when s is divided by 9?
6
Let n = 113 - 74. Let u = 93392 - 93198. Calculate the remainder when u is divided by n.
38
Suppose -690*s + 18272 = -119*s. Calculate the remainder when s is divided by (1/(-1))/(2/(-26)).
6
What is the remainder when 335 is divided by (55/20 + -3)*884/(-17)?
10
Suppose 24 = 8*p - 2*p. Suppose 5*w + 4*k - 165 = -k, -2*w + p*k = -48. Let n = w - 17. What is the remainder when 23 is divided by n?
10
What is the remainder when (-113080)/165*9/(-6) is divided by 103?
101
Suppose -42*s - 76 = -44*s. What is the remainder when ((-282)/(-15))/(((-32)/(-15))/16) is divided by s?
27
Let z be -55*(2 + -1) + 3. Let c = z - -96. Let v = 56 - c. What is the remainder when 22 is divided by v?
10
Suppose 3*f = 4*s + 34, 5*f - 64 = 2*s + s. Suppose 0 = f*m - 1 - 153. What is the remainder when 31 is divided by m?
9
Suppose 3*f + 27 - 120 = -3*l, 5*l - 141 = 2*f. Calculate the remainder when 287 is divided by l.
26
Let f be (4/(8/(-7)))/(9/234)*-1. Let v(c) = -c**3 - 4*c**2 - 2*c + 2. Let j be v(-4). Let h = f - j. What is the remainder when h is divided by 12?
9
Suppose 2177*o = 2106*o + 7455. What is the remainder when 2534 is divided by o?
14
Let h(p) = 42*p - 97. Calculate the remainder when h(15) is divided by (-21 - -19)*(85/(-2) + -2).
88
Let f(x) = 170*x - 8025. What is the remainder when f(58) is divided by 96?
11
Suppose 33*j = 36*j - 135. What is the remainder when (-2 - (-4)/(-8))/((-20)/1168) is divided by j?
11
Suppose -2*t + 60 = 10*t. Let g be 76/t - ((-24)/5 + 4). Calculate the remainder when 4/(-16)*136/(-4)*g is divided by 46.
44
Let n be 15/5*8/(-24). What is the remainder when 135 is divided by 4*(78/24 - n)?
16
Suppose -4*q - 11 - 5 = 5*s, -s = 4*q + 16. Suppose -c + 3 = -s*c. Suppose 0 = -c*i + i + 436. What is the remainder when i is divided by 55?
53
Let i = 433 - 745. Let x = i - -313. What is the remainder when (-2)/(-1 - 10/(-14)) is divided by x?
0
Suppose 81*t - 18*t = 2348 - 269. What is the remainder when 9664 is divided by t?
28
Let q(s) = s**2 + 8*s + 18. Let k be q(-4). Let w be (-2 - k) + 3 + 6. Suppose -29 - 66 = -w*p. Calculate the remainder when 94 is divided by p.
18
Let i = -6340 + 7009. What is the remainder when i is divided by 69?
48
Suppose 0 = -61*f + 48*f + 195. Let n = 48 - 6. Calculate the remainder when n is divided by f.
12
Let b = 466 + -464. Calculate the remainder when (-5)/30 + 49/6 is divided by b.
0
Let o(g) = 2*g**2 - 54*g - 27. Let c be o(25). What is the remainder when 68 is divided by (-9 + c)/(-8) - 1?
4
Let o = -9240 - -13683. Calculate the remainder when o is divided by 117.
114
Suppose 3*t + 124 = -2*w + 138, -t + 2*w = -2. Calculate the remainder when 1537 is divided by t.
1
Let g = 1 + -26. Calculate the remainder when (194/(-5))/(2*5/g) is divided by 14.
13
Suppose -609 - 267 = -r. Let y = r - 1312. What is the remainder when 2/10 - y/20 is divided by 12?
10
Suppose 3*z = -15, -3*n - 3*z - 7 = 2*z. Suppose -35*w + 34*w = -19. Let i(q) = 3*q - 41. What is the remainder when i(w) is divided by n?
4
Let h be 1962/7 - 18/63. Suppose y + 6*y = -h. Let s = 52 + y. Calculate the remainder when 95 is divided by s.
11
Let j be -6 + 0 - (3 + 2 - 1354). Suppose -9*k = -7351 - j. Calculate the remainder when k is divided by 88.
86
Let o be (960/(-100))/(2/120). What is the remainder when 149 is divided by 1*4/18 + (-32128)/o?
37
Calculate the remainder when 305 is divided by (51/(-102))/(2/(-636)).
146
Let y be (3 - 1) + (1 - 8). Calculate the remainder when 44 + 3*1/3 is divided by (2 + 3)/(y/(-12)).
9
What is the remainder when 7896/(-280)*(-6 - 64) is divided by 13?
11
Let r be 3/7 + (-300)/14. Let o = r - -32. Suppose -3*d - 28 = -5*a, 2*d = -3*a - 2*d + 40. What is the remainder when o is divided by a?
3
Suppose 4*t = 9*t + 30. Suppose 2*v + 3*w - 74 = 0, -3*v = -w - 2*w - 81. Let m = t + v. Calculate the remainder when 55 is divided by m.
5
Let j(d) = -d**3 + 15*d**2 - 3*d - 107. Calculate the remainder when 751 is divided by j(14).
46
Let s(i) = -3*i**2 - 11*i + 1345. Suppose 3*z + 4 = 4*z. Suppose -k - 2*c + 0*c = -14, -z*k = -c - 83. Calculate the remainder when k is divided by s(-23).
9
Let t = -398 + 395. Calculate the remainder when 62 is divided by 8 + 2/t*-39.
28
Let f = 319 - 14. Let h = 131 + -109. Calculate the remainder when f is divided by h.
19
Let a(f) = 14*f - 57. Let g be a(26). What is the remainder when g/4 - 207/276 is divided by 40?
36
What is the remainder when 2815 is divided by (44/165*175/14)/(18/135)?
15
Suppose 46 + 8 = q. Let v = 54 - q. Suppose -5*p - 2*x + 129 = -v*x, 5*p = -5*x + 120. What is the remainder when 159 is divided by p?
24
Let i = 713 + -705. Suppose -35*c = -i*c - 297. Calculate the remainder when 47 is divided by c.
3
Let c be (8 + -23 + 8)/((-1)/91). Suppose -35*h - 7 = -c. Let k = -239 - -399. Calculate the remainder when k is divided by h.
16
Let y(i) = 34*i**2 + 5*i + 1. Let g be y(-1). Suppose -24*h = -19*h - g. Suppose h*w = 206 + 16. What is the remainder when 71 is divided by w?
34
What is the remainder when 616 is divided by ((-58)/(-8))/((-4)/108*(-72)/32)?
7
Let v = -1528 - -1675. Calculate the remainder when v is divided by 25.
22
Let d be (34 + -35)/(2/(-394)). Calculate the remainder when 41 is divided by d/9 + 13/117.
19
Suppose 0 = 5*a - 3*a - x - 47, -2*x = 5*a - 113. Let v = a - 2. Suppose 4*y - 81 = -v. What is the remainder when y is divided by 9?
6
Suppose 2*t - 8 = -2*l + 6*t, 15 = 5*t. Suppose 262 - l = 18*g. What is the remainder when 94 is divided by g?
10
Let g(j) = j**2 - 115*j - 6512. What is the remainder when 636 is divided by g(-42)?
62
Let w be (-21)/(-4)*396/(-297). Let x(r) = 2*r**2 - 56*r - 453. Calculate the remainder when x(w) is divided by 15.
7
Let d = 15168 + -15040. What is the remainder when 3447 is divided by d?
119
Let a = -3 - -5. Let u be 21/6*-14 - a. Let t = u + 63. What is the remainder when 20 is divided by t?
8
Let l(a) = -5*a + a**2 + 2*a**3 - 4*a**3 - 7*a**2 + 13 - 11. Suppose 0 = 3*i - 28 + 7. What is the remainder when l(-4) is divided by i?
5
Let m = -18159 + 18231. Let k(h) = 3*h**2 + 3*h + 1. Calculate the remainder when m is divided by k(-4).
35
Suppose 4*p + 3*p + 2*p = 0. Let y be (-4)/(-3)*(-99)/(-44). What is the remainder when y + 12/9*9 + p is divided by 11?
4
Let w be (-1 + 55)*(-2)/(2 - 0). Let x = -50 - w. Suppose -b - 2*h + 30 = -4*h, x*h + 38 = b. What is the remainder when b is divided by 5?
2
Suppose -18*n + 288 = 6*n. Suppose 2*o - 4*d - 181 = -o, -3*d = n. What is the remainder when o is divided by 22?
11
Suppose 0 = 3*d - 38 + 5. Suppose 9*t = d*t - 64. Suppose -a + 4*b = -t, 2*b + 196 = 4*a + 54. What is the remainder when a is divided by 13?
10
Let i be 0*((-13)/(-2) - 6). Suppose i = 20*n - 7514 - 6126. What is the remainder when n is divided by 38?
36
Calculate the remainder when (-15)/(1/3*(-1 + (-2670)/(-2715))) is divided by 194.
193
Let x be 1005/(-25) - (-5)/25. Let r = x + 54. Calculate the remainder when (34/4 - 2)*6 is divided by r.
11
Let t(l) = 25*l + 75. Let o be t(-17). Calculate the remainder when 53 is divided by (6/10)/((-30)/o).
4
Let q = 5666 + -5317. Calculate the remainder when q is divided by 158.
33
Suppose -3*x - 2 = -26. Suppose -5*w - 24 = -x*w. Calculate the remainder when ((-206)/w)/(16/(-64)) is divided by 26.
25
Suppose 3*p + 4*y - 3 = 0, -2*y = -0*p - 2*p + 16. Suppose 1038 = p*x - 2*t, -7 = -5*t - 2. What is the remainder when x is divided by 6?
4
Let r(n) = 21*n**2 - 249*n + 14. Let v be r(11). Let x = 111 - v. Calculate the remainder when x is divided by 74.
73
Let n(w) = w**2 + 85*w - 797. Calculate the remainder when 403 is divided by n(10).
97
Let b = 7983 - 3305. What is the remainder when b is divided by 13?
11
What is the remainder when 10 + (55138/16 - 32/256) is divide